{"id":51,"date":"2011-06-15T22:47:31","date_gmt":"2011-06-15T22:47:31","guid":{"rendered":"http:\/\/www.heustadelgasse.at\/?page_id=51"},"modified":"2026-01-21T21:31:49","modified_gmt":"2026-01-21T19:31:49","slug":"tagesbetreuung","status":"publish","type":"page","link":"https:\/\/www.heustadelgasse.at\/?page_id=51","title":{"rendered":"Nachmittagsbetreuung"},"content":{"rendered":"<h1>Nachmittagsbetreuung<\/h1>\n<p>Sch\u00fclerinnen und Sch\u00fcler der Unterstufe haben die M\u00f6glichkeit, nach dem Unterricht die Nachmittagsbetreuung (NBT) zu besuchen. Eine Anmeldung ist dazu erforderlich.<br \/>\nDie Nachmittagsbetreuung beginnt mit dem Ende des Vormittagsunterrichts und endet um 16:25 Uhr.<\/p>\n<p>Leitung: Mag.a Vanessa Prouza<br \/>\nKontaktadresse: <a href=\"mailto:vanessa.prouza@bildung.gv.at\">vanessa.prouza@bildung.gv.at<\/a><\/p>\n<p>Die Schule bietet ein hervorragendes Schulbuffet (betrieben von der<br \/>\nBuffetfirma CIG, www.coolisstgesund.at). Gerne kann das Angebot des warmen Mittagstisches genutzt werden. Unser Schulbuffet wurde vom Schulbuffet-Check vom vorsorgemedizinischen Institut SIPCAN gepr\u00fcft und ausgezeichnet. <a href=\"https:\/\/www.heustadelgasse.at\/?p=15464\">Hier<\/a> mehr Informationen.<\/p>\n<p>Alle Formulare und Brosch\u00fcren finden Sie <a href=\"https:\/\/www.heustadelgasse.at\/?page_id=240\">hier<\/a> in unserem Downloadbereich.<\/p>\n","protected":false},"excerpt":{"rendered":"<p>Nachmittagsbetreuung Sch\u00fclerinnen und Sch\u00fcler der Unterstufe haben die M\u00f6glichkeit, nach dem Unterricht die Nachmittagsbetreuung (NBT) zu besuchen. Eine Anmeldung ist dazu erforderlich. Die Nachmittagsbetreuung beginnt mit dem Ende des Vormittagsunterrichts und endet um 16:25 Uhr. Leitung: Mag.a Vanessa Prouza Kontaktadresse: vanessa.prouza@bildung.gv.at Die Schule bietet ein hervorragendes Schulbuffet (betrieben von der Buffetfirma CIG, www.coolisstgesund.at). Gerne kann&#8230;  <a class=\"excerpt-read-more\" href=\"https:\/\/www.heustadelgasse.at\/?page_id=51\" title=\"Read Nachmittagsbetreuung\">Read more &raquo;<\/a><\/p>\n","protected":false},"author":1,"featured_media":0,"parent":12,"menu_order":6,"comment_status":"closed","ping_status":"closed","template":"","meta":{"footnotes":""},"class_list":["post-51","page","type-page","status-publish","hentry"],"yoast_head":"<!-- This site is optimized with the Yoast SEO plugin v14.9 - https:\/\/yoast.com\/wordpress\/plugins\/seo\/ -->\n<meta name=\"robots\" content=\"index, follow, max-snippet:-1, max-image-preview:large, max-video-preview:-1\" \/>\n<link rel=\"canonical\" href=\"https:\/\/www.heustadelgasse.at\/?page_id=51\" \/>\n<meta property=\"og:locale\" content=\"de_DE\" \/>\n<meta property=\"og:type\" content=\"article\" \/>\n<meta property=\"og:title\" content=\"Nachmittagsbetreuung - AHS Heustadelgasse\" \/>\n<meta property=\"og:description\" content=\"Nachmittagsbetreuung Sch\u00fclerinnen und Sch\u00fcler der Unterstufe haben die M\u00f6glichkeit, nach dem Unterricht die Nachmittagsbetreuung (NBT) zu besuchen. Eine Anmeldung ist dazu erforderlich. Die Nachmittagsbetreuung beginnt mit dem Ende des Vormittagsunterrichts und endet um 16:25 Uhr. Leitung: Mag.a Vanessa Prouza Kontaktadresse: vanessa.prouza@bildung.gv.at Die Schule bietet ein hervorragendes Schulbuffet (betrieben von der Buffetfirma CIG, www.coolisstgesund.at). Gerne kann... Read more &raquo;\" \/>\n<meta property=\"og:url\" content=\"https:\/\/www.heustadelgasse.at\/?page_id=51\" \/>\n<meta property=\"og:site_name\" content=\"AHS Heustadelgasse\" \/>\n<meta property=\"article:modified_time\" content=\"2026-01-21T19:31:49+00:00\" \/>\n<script type=\"application\/ld+json\" class=\"yoast-schema-graph\">{\"@context\":\"https:\/\/schema.org\",\"@graph\":[{\"@type\":\"WebSite\",\"@id\":\"https:\/\/www.heustadelgasse.at\/#website\",\"url\":\"https:\/\/www.heustadelgasse.at\/\",\"name\":\"AHS Heustadelgasse\",\"description\":\"Bildung braucht Bewegung\",\"potentialAction\":[{\"@type\":\"SearchAction\",\"target\":\"https:\/\/www.heustadelgasse.at\/?s={search_term_string}\",\"query-input\":\"required name=search_term_string\"}],\"inLanguage\":\"de\"},{\"@type\":\"WebPage\",\"@id\":\"https:\/\/www.heustadelgasse.at\/?page_id=51#webpage\",\"url\":\"https:\/\/www.heustadelgasse.at\/?page_id=51\",\"name\":\"Nachmittagsbetreuung - AHS Heustadelgasse\",\"isPartOf\":{\"@id\":\"https:\/\/www.heustadelgasse.at\/#website\"},\"datePublished\":\"2011-06-15T22:47:31+00:00\",\"dateModified\":\"2026-01-21T19:31:49+00:00\",\"inLanguage\":\"de\",\"potentialAction\":[{\"@type\":\"ReadAction\",\"target\":[\"https:\/\/www.heustadelgasse.at\/?page_id=51\"]}]}]}<\/script>\n<!-- \/ Yoast SEO plugin. -->","_links":{"self":[{"href":"https:\/\/www.heustadelgasse.at\/index.php?rest_route=\/wp\/v2\/pages\/51","targetHints":{"allow":["GET"]}}],"collection":[{"href":"https:\/\/www.heustadelgasse.at\/index.php?rest_route=\/wp\/v2\/pages"}],"about":[{"href":"https:\/\/www.heustadelgasse.at\/index.php?rest_route=\/wp\/v2\/types\/page"}],"author":[{"embeddable":true,"href":"https:\/\/www.heustadelgasse.at\/index.php?rest_route=\/wp\/v2\/users\/1"}],"replies":[{"embeddable":true,"href":"https:\/\/www.heustadelgasse.at\/index.php?rest_route=%2Fwp%2Fv2%2Fcomments&post=51"}],"version-history":[{"count":50,"href":"https:\/\/www.heustadelgasse.at\/index.php?rest_route=\/wp\/v2\/pages\/51\/revisions"}],"predecessor-version":[{"id":15470,"href":"https:\/\/www.heustadelgasse.at\/index.php?rest_route=\/wp\/v2\/pages\/51\/revisions\/15470"}],"up":[{"embeddable":true,"href":"https:\/\/www.heustadelgasse.at\/index.php?rest_route=\/wp\/v2\/pages\/12"}],"wp:attachment":[{"href":"https:\/\/www.heustadelgasse.at\/index.php?rest_route=%2Fwp%2Fv2%2Fmedia&parent=51"}],"curies":[{"name":"wp","href":"https:\/\/api.w.org\/{rel}","templated":true}]}}